{"version":"1.0","provider_name":"ETAMA","provider_url":"https:\/\/etama.cafeblog.hu","author_name":"ETAMA","author_url":"https:\/\/etama.cafeblog.hu\/author\/ETAMA-2\/","title":"Naps\u00fct\u00e9ses, sz\u00e9p h\u00e9tv\u00e9ge","html":"Rem\u00e9lem mindenkinek naps\u00fct\u00e9ses \u00e9s sz\u00e9p h\u00e9tv\u00e9g\u00e9je volt. ;-)\r\n\r\n\u00c9n megint egy mag\u00e1nyos, de tev\u00e9keny szombat mellett d\u00f6nt\u00f6ttem, mert nem volt kedvem Pestre menni Fradi meccsre, illetve tekeregni sem volt hangulatom a m\u00e9rk\u0151z\u00e9s ideje alatt. \u00cdgy a f\u00e9rjem egyed\u00fcl ment, de ott csatlakozott hozz\u00e1 az \u00f6ccse, meg m\u00e9g n\u00e9h\u00e1nyan.\r\n\u00c9n meg... H\u00e1t persze! Takar\u00edtottam. ;-) K\u00f6zben j\u00e1rt az agyam, de egy\u00e1ltal\u00e1n nem rossz ir\u00e1nyba, nagyon is szuper hangulatban tettem-vettem.\r\nK\u00f6zben vettem \u00e9szre, hogy az ablakban egyik n\u00f6v\u00e9nyem vir\u00e1gzik:\r\n\r\n<a href=\"https:\/\/etama.cafeblog.hu\/files\/2015\/03\/20150308_161755.jpg\"><img src=\"https:\/\/etama.cafeblog.hu\/files\/2015\/03\/20150308_161755-300x180.jpg\" alt=\"20150308_161755\" width=\"300\" height=\"180\" class=\"aligncenter size-medium wp-image-1999\" \/><\/a>\r\n\r\nUt\u00e1na elmentem edzeni. Nem v\u00e1rtam sokat magamt\u00f3l, de nagyon j\u00f3l ment, \u00e9s j\u00f3l is esett. Haza m\u00e1r \u00c9dessz\u00edvem hozott, mert addigra megj\u00e1rta Pestet. \r\nEste m\u00e1r kicsit ny\u0171g\u00f6sebb voltam, elf\u00e1radtam. A injekci\u00f3k ut\u00e1n meg nagyon kipirult az arcomon a b\u0151r, de reggelre elm\u00falt, nem tudom mi volt pontosan.\r\n\r\nMa piacoztunk a f\u00e9rjemmel, valami \"kincsecsk\u00e9t\" kerest\u00fcnk nekem a n\u0151nap alkalm\u00e1b\u00f3l, de semmi j\u00f3 nem volt. \u00cdgy most k\u00e9s\u0151bb kapok majd valamit, azt hiszem, hogy egy ionos hajkef\u00e9t. Csak meg\u00e9ri v\u00e1rni. :-)\r\nK\u00f6zben a fi\u00fak is haza\u00e9rtek az apjukt\u00f3l, mert Kismacs\u00f3nak d\u00e9lben meccse volt, \u00fagyhogy Belamival kettesben maradtunk itthon. \r\nBefejeztem az eb\u00e9dk\u00e9sz\u00edt\u00e9st (\u00c9dessz\u00edvem csin\u00e1lta a z\u00f6lds\u00e9ges rizott\u00f3t, \u00e9n k\u00e9s\u0151bb a s\u00fclt csirkecombot), meg mostam. M\u00e9g a t\u00e1sk\u00e1imb\u00f3l is selejteztem n\u00e9h\u00e1nyat, egy vil\u00e1gosat meg kimostam, mert lassan szezonja lesz. \r\n\r\nAz erk\u00e9ly volt ma a kedvenc helyem, f\u0151leg d\u00e9lut\u00e1n, mikor bes\u00fct\u00f6tt a nap. Mondtam is a f\u00e9rjemnek, hogy l\u00e9gynek \u00e9rzem magam, aki odatapad a naps\u00fct\u00f6tte falra, mert \u00e9n is k\u00e9pes lettem volna eg\u00e9sz nap ideragadni:\r\n\r\n<a href=\"https:\/\/etama.cafeblog.hu\/files\/2015\/03\/20150308_161806.jpg\"><img src=\"https:\/\/etama.cafeblog.hu\/files\/2015\/03\/20150308_161806-300x180.jpg\" alt=\"20150308_161806\" width=\"300\" height=\"180\" class=\"aligncenter size-medium wp-image-2000\" \/><\/a>\r\n\r\nCsak k\u00e1v\u00e9\u00e9rt mentem be, most van v\u00e1laszt\u00e9k:\r\n\r\n<a href=\"https:\/\/etama.cafeblog.hu\/files\/2015\/03\/20150308_163027.jpg\"><img src=\"https:\/\/etama.cafeblog.hu\/files\/2015\/03\/20150308_163027-300x180.jpg\" alt=\"20150308_163027\" width=\"300\" height=\"180\" class=\"aligncenter size-medium wp-image-2001\" \/><\/a>\r\n\r\nDe ez most a legkedvencebb, mert tej n\u00e9lk\u00fcl is j\u00f3l cs\u00faszik, \u00e9s koffein se nagyon van benne:\r\n\r\n<a href=\"https:\/\/etama.cafeblog.hu\/files\/2015\/03\/20150308_163035.jpg\"><img src=\"https:\/\/etama.cafeblog.hu\/files\/2015\/03\/20150308_163035-300x180.jpg\" alt=\"20150308_163035\" width=\"300\" height=\"180\" class=\"aligncenter size-medium wp-image-2002\" \/><\/a>\r\n\r\nM\u00e1ra m\u00e1r nagyon nem tervezek semmit, majd Belamit fogom \u00f6sszek\u00e9sz\u00edteni a vissza\u00fatra, meg hajat mosok, ilyenek. \r\nDe! Ha fene fen\u00e9t eszik is, ma sz\u00e9p barn\u00e1ra lakkozom a k\u00f6rmeimet. Vagy gy\u00f6ngyh\u00e1zsz\u00edn\u0171re, ezt majd m\u00e9g kital\u00e1lom. :-)","type":"rich"}

Napsütéses, szép hétvége

Remélem mindenkinek napsütéses és szép hétvégéje volt. ;-)

Én megint egy magányos, de tevékeny szombat mellett döntöttem, mert nem volt kedvem Pestre menni Fradi meccsre, illetve tekeregni sem volt hangulatom a mérkőzés ideje alatt. Így a férjem egyedül ment, de ott csatlakozott hozzá az öccse, meg még néhányan.
Én meg... Hát persze! Takarítottam. ;-) Közben járt az agyam, de egyáltalán nem rossz irányba, nagyon is szuper hangulatban tettem-vettem.
Közben vettem észre, hogy az ablakban egyik növényem virágzik:

<a href="https://etama.cafeblog.hu/files/2015/03/20150308_161755.jpg"><img src="https://etama.cafeblog.hu/files/2015/03/20150308_161755-300x180.jpg" alt="20150308_161755" width="300" height="180" class="aligncenter size-medium wp-image-1999" /></a>

Utána elmentem edzeni. Nem vártam sokat magamtól, de nagyon jól ment, és jól is esett. Haza már Édesszívem hozott, mert addigra megjárta Pestet. 
Este már kicsit nyűgösebb voltam, elfáradtam. A injekciók után meg nagyon kipirult az arcomon a bőr, de reggelre elmúlt, nem tudom mi volt pontosan.

Ma piacoztunk a férjemmel, valami "kincsecskét" kerestünk nekem a nőnap alkalmából, de semmi jó nem volt. Így most később kapok majd valamit, azt hiszem, hogy egy ionos hajkefét. Csak megéri várni. :-)
Közben a fiúk is hazaértek az apjuktól, mert Kismacsónak délben meccse volt, úgyhogy Belamival kettesben maradtunk itthon. 
Befejeztem az ebédkészítést (Édesszívem csinálta a zöldséges rizottót, én később a sült csirkecombot), meg mostam. Még a táskáimból is selejteztem néhányat, egy világosat meg kimostam, mert lassan szezonja lesz. 

Az erkély volt ma a kedvenc helyem, főleg délután, mikor besütött a nap. Mondtam is a férjemnek, hogy légynek érzem magam, aki odatapad a napsütötte falra, mert én is képes lettem volna egész nap ideragadni:

<a href="https://etama.cafeblog.hu/files/2015/03/20150308_161806.jpg"><img src="https://etama.cafeblog.hu/files/2015/03/20150308_161806-300x180.jpg" alt="20150308_161806" width="300" height="180" class="aligncenter size-medium wp-image-2000" /></a>

Csak kávéért mentem be, most van választék:

<a href="https://etama.cafeblog.hu/files/2015/03/20150308_163027.jpg"><img src="https://etama.cafeblog.hu/files/2015/03/20150308_163027-300x180.jpg" alt="20150308_163027" width="300" height="180" class="aligncenter size-medium wp-image-2001" /></a>

De ez most a legkedvencebb, mert tej nélkül is jól csúszik, és koffein se nagyon van benne:

<a href="https://etama.cafeblog.hu/files/2015/03/20150308_163035.jpg"><img src="https://etama.cafeblog.hu/files/2015/03/20150308_163035-300x180.jpg" alt="20150308_163035" width="300" height="180" class="aligncenter size-medium wp-image-2002" /></a>

Mára már nagyon nem tervezek semmit, majd Belamit fogom összekészíteni a visszaútra, meg hajat mosok, ilyenek. 
De! Ha fene fenét eszik is, ma szép barnára lakkozom a körmeimet. Vagy gyöngyházszínűre, ezt majd még kitalálom. :-)
